j + 11 = 2*i + 35, x = -3*j - 2*i. Let s(n) = n + 4. Give s(j).
0
Let d = 76 + -74. Suppose 0 = 2*z + 5*g - 315, -480 = -5*z + d*z - 5*g. Let a(c) = -c**2 + 10*c - 165 + z. What is a(11)?
-11
Let m(t) = 12*t - 28. Let v be m(-3). Let l be v/(-80)*(-5 + 0). Let w(o) = -3*o - 5. Let b(r) = 4*r + 6. Let u(z) = 5*b(z) + 6*w(z). Give u(l).
-8
Let c(w) be the third derivative of w**4/12 + 4*w**3/3 + 11*w**2 - 41. Give c(-11).
-14
Let j be (-8)/(-3) + 48/(-72). Let w be j/9 + 42/54. Let x be (7/3)/(w/3). Let i(d) = -d**2 + 7*d - 7. What is i(x)?
-7
Let o(l) = -88 + l**2 + 178 - 7*l**2 - l**3 + 0*l - 94 - 5*l. Suppose 6 = 2*y - 3*m, 2*y = 4*y + 2*m - 16. Let u be -10*((-9)/y + 2). Determine o(u).
-4
Let m(r) = -14*r**2 - 207 - 910*r + 897*r - r**3 + 199. Determine m(-13).
-8
Let a(y) = 2*y**2 - 3*y**2 + 4 + 4*y + 4*y. Let m = -171 - -179. Let c be (-140)/8*m/(-20). Calculate a(c).
11
Let p(k) = 4*k + 2. Let x(c) = -3*c - 3. Let d(a) = 16*a + 17. Let l(j) = -2*d(j) - 11*x(j). Let q(g) = 3*l(g) - p(g). Give q(0).
-5
Let r(c) = c + 2. Let t(g) = 1258*g - 16 - 1259*g + 0 + 1. Let u be 1/3 + 61/(-3). Let h be t(u). Calculate r(h).
7
Let i(z) = 8*z**3 + 24*z**2 + 12*z - 56. Let f(v) = -7*v**3 - 22*v**2 - 8*v + 56. Let c(g) = 7*f(g) + 6*i(g). What is c(-11)?
1
Let u(z) = 2*z**2 - 11*z + 21. Let s = 24305 + -24297. Determine u(s).
61
Let l(y) = -2*y**2 + 4*y - 5. Let x(f) = 5*f - 4*f**2 + 20*f**2 - 5*f**2 - 6 - 14*f**2. Let v(w) = -4*l(w) + 3*x(w). Determine v(-2).
0
Let f(r) = r**3 + 86*r**2 - 366*r - 538. Let o be f(-90). Let n(s) be the first derivative of -3/2*s**2 + o*s - 17. Determine n(7).
-19
Let m(i) = i**3 - 7*i**2 - 98*i - 2. Let d be m(14). Let x(t) = -2*t**3 + 2*t**2 + 8*t + 1. What is x(d)?
9
Let d be -31 - -2 - (-2)/4*-2. Let j = 44 + d. Suppose c - 5 = 3*f, 0*c + j = 5*c - 4*f. Let i(s) = 3*s**3 - 3*s**2 + 1. Give i(c).
13
Suppose -3*o + 3 = -n, 5*o = 27*n - 22*n - 5. Let p(l) = 17*l**n + 9*l**3 + l**2 - 19*l**3. What is p(-1)?
-6
Let z(j) = -j**3 + 5*j. Let g = 2058 + -2058. Calculate z(g).
0
Let s(g) be the second derivative of -1/3*g**3 + g**4 - 7*g**2 - 7*g + 0 + 1/20*g**5. Give s(-12).
10
Let g = 120 - 116. Let c(x) = -11 - g*x + 24 + 3*x + 4*x**3 - x**2 - 14. Let a(s) = -s**3 - s**2 + s. Let r be a(-1). Determine c(r).
-5
Let m(l) = -2*l - 15. Let j(i) = i**2 - 92*i + 1616. Let v be j(68). What is m(v)?
17
Let g = 3955 - 3936. Let h(q) = q**2 - 24*q + 83. Determine h(g).
-12
Let t(b) = -b**3 - 24*b**2 - 23*b - 6. Suppose -984*c = -1093*c - 2507. What is t(c)?
-6
Let q(y) be the first derivative of -1/3*y**3 + 119 + 7/2*y**2 - 6*y. Calculate q(5).
4
Let p(u) = 20*u**3 - 45*u**2 + 12*u + 25. Let r(y) = -17*y**3 + 40*y**2 - 11*y - 24. Let t(g) = 6*p(g) + 7*r(g). Determine t(-10).
32
Let b(k) = -7*k + 18*k + 10*k + 89647 - 89649. Give b(4).
82
Let a(x) = -5*x**3 + 16*x**2 - 60*x - 8. Let g(l) = -l**3 + 4*l**2 - 13*l - 2. Let d(s) = -2*a(s) + 9*g(s). Give d(-4).
-14
Suppose 0 = -b - 2*z - 4, -b - 3 = z - 2. Let a(w) = -4*w**b - 4*w**2 + 3*w**3 + 2*w**2 + 7*w**2 - 2 + w. Give a(-2).
-24
Let r(i) = 2438 + 12*i - 4855 + 2686. What is r(-22)?
5
Let h = 36 + -41. Let b(d) be the third derivative of -5*d**4/24 + d**3/2 - 1028*d**2. Determine b(h).
28
Let w(q) = -2*q**2 + 13*q - 1. Suppose -41*c = -2*c + 53 - 248. Give w(c).
14
Let l(s) = s**2 + 7. Let j(b) = 0 + 3 + 3. Let o(f) = -6*j(f) + 5*l(f). Suppose -256*h = -2*a - 259*h - 19, h + 8 = a. Calculate o(a).
4
Let z = 4 - 8. Suppose 5*m - 18 = -2*k, 5*m - k - 6 = -0. Let d(j) = -j**2 - j - 1. Let g(l) = -3*l**2 - 6*l - 7. Let h(p) = m*d(p) - g(p). Give h(z).
5
Let f(x) be the third derivative of x**2 - 1/2*x**3 + 1/12*x**4 + 44 + 0*x. Give f(-4).
-11
Suppose 0 = -5*w + 5*p + 26 + 4, -3*w = 5*p - 26. Let g(k) = k**3 - 4*k**2 - 9*k - 8. What is g(w)?
76
Suppose 0 = -11274*g + 11257*g + 68. Let o(h) = 2*h**3 - 2*h - 5. Determine o(g).
115
Let v be -3*-3*(-1)/3. Suppose -35 = -2*m - 25. Let k(d) = -40*d + 48*d + m - 1. Calculate k(v).
-20
Let s(o) be the second derivative of o**5/20 + 2*o**4/3 + o**3/2 + 21*o**2/2 - 73*o + 13. Give s(-8).
-3
Let b(m) be the third derivative of -m**6/360 - m**5/30 - m**4/4 + 51*m**3 + 192*m**2 + 2. Let k(v) be the first derivative of b(v). Determine k(-5).
-11
Let n(x) = -38*x + 8*x - x**3 + 31*x + 9 - 2*x**2 + 8*x. Calculate n(-3).
-9
Let i be 1*14*3/(3 + 0). Suppose 0 = 16*c - i*c. Let d(l) = -9 + 16*l - 7*l - 10*l + c*l. What is d(-8)?
-1
Let r(y) be the third derivative of -y**4/6 - 246*y**2. Let f = 42 + -46. Calculate r(f).
16
Let d(b) = b**2 + 3*b - 1. Suppose -g + 2*x + 1 = 0, -5*x - 8 = -3*g - 4*x. Suppose -4*y + g*y = 0. Let k(z) = z**2 - 2*z - 3. Let p be k(y). Determine d(p).
-1
Let d = -163 - -209. Suppose -d*f + 63*f + 204 = 0. Let n(g) = -g**2 - 12*g - 10. Calculate n(f).
-10
Let a = -70 + 61. Let f(w) be the third derivative of -w**6/120 - 2*w**5/15 + 5*w**4/12 + w**3 + 29*w**2 - 10*w. Determine f(a).
-3
Suppose 2*y - 18 = -2*d, 0 = -5*d + d - 3*y + 36. Suppose -5*b + 2*b = -d. Let s(p) = -b*p - p + 7*p. Calculate s(-3).
-9
Let s be ((-2)/4)/(-2 + (-14292)/(-7144)). Let n = s - -887. Let u(j) = j**2 + 8*j + 5. Give u(n).
-7
Let o(c) = -c + 9. Let t(x) = 3*x + 117. Let v(w) = -3*o(w) + t(w). What is v(-16)?
-6
Let u be 12/(-9) + ((-38)/(-3))/(-19). Let j(h) = -3*h**3 - 8*h**2 - 2*h + 1. What is j(u)?
-3
Let b(n) = n - 3. Let p(x) = 3*x + 10. Let h be p(-3). Let d be ((-2)/h)/((-10)/120). Suppose -2*c = c + g - d, 5*c - 26 = 3*g. Give b(c).
4
Let c(v) = v**3 + 2*v**2 + 2*v + 21. Let r = 9978 + -9978. Calculate c(r).
21
Let d be 48/120*(-14 - (2 + -1)). Let o(q) = 5*q - 8. Let z(x) = -x + 5. Let u(p) = o(p) + 2*z(p). Calculate u(d).
-16
Let z(c) = -c**3 + 7*c**2 + 6*c + 8. Suppose n + 4*n = 25. Let j(a) = -a**2 - 7*a. Let d be j(-5). Let q be (14/n - 2)*d. What is z(q)?
-8
Suppose 15 = 12*t - 9. Let d(q) = 13*q + 4*q**3 - q - 13*q - t*q**2. Let g(z) = -z**2 + 4*z - 4. Let b be g(3). What is d(b)?
-5
Let s(m) = -m**2 + 28. Let f = 497 + -568. Let r = 71 + f. Calculate s(r).
28
Let g(r) = -r**3 + 7*r**2 - 3*r - 22. Let t(w) = 4*w + 91. Let c be t(-22). Let z be g(c). Let q(i) = -10*i + 4. Determine q(z).
-46
Let g(n) = -9*n + 5. Let o(w) = 5*w**3 - 7*w**2 + 6. Let t(a) = 4*a**3 - 6*a**2 + 5. Let l(h) = 5*o(h) - 6*t(h). Let y be l(-2). What is g(y)?
41
Let l(z) = -z + 2. Let s be l(5). Let p(x) be the first derivative of -x**3 + 4*x + 18334. Determine p(s).
-23
Let v = -206 + 214. Let h(j) = -6*j**3 - 9*j**2 + 3*j + 10. Let u(f) = 5*f**3 + 9*f**2 - 4*f - 10. Let k(l) = 6*h(l) + 7*u(l). Calculate k(v).
-26
Let n(b) = -1720 - 2*b + 3397 - 3*b - 1697. Calculate n(-13).
45
Let p(w) = -w**3 - 2*w**2 + 2*w - 3. Let g = 2 - 5. Let q be p(g). Let c(j) = -6*j - 7*j - 12 + j**3 + 29*j - 9*j + 4 - 6*j. What is c(q)?
-8
Suppose -5 = -3*c + 5*k, 2*c + 0*k = -4*k + 18. Let h(d) = 4*d**2 + 8*d + 3. Let o(x) = -6*x**2 - 13*x - 5. Let p(z) = c*o(z) + 8*h(z). Give p(-1).
2
Let u(a) be the third derivative of -a**5/60 + a**4/12 + a**3/3 - a**2. Let b be u(3). Let s(y) = 0 + 0 + 1 - 433*y - 5*y**2 + 0 + 435*y. Give s(b).
-6
Let p(h) be the first derivative of h**3/6 - 7*h**2/2 - 76*h + 51. Let l(z) be the first derivative of p(z). Give l(-10).
-17
Let s(r) be the second derivative of -r**5/60 + r**4/4 - r**3/2 + 261*r**2/2 + 121*r. Let y(i) be the first derivative of s(i). Give y(5).
2
Suppose -3*i = 4*u - 19, 5*i = -0*u + 4*u - 11. Let x(y) = -3 + y + 0 + 0*y + i. Let m = -44 + 37. Give x(m).
-9
Let v = 164 + -165. Let d(s) = 6*s**3 - 3*s**2 - 13*s + 2. Let q(c) = c**3 - c**2 - 2*c + 1. Let k(f) = v*d(f) + 5*q(f). Determine k(-2).
-3
Suppose 2*k + 3*v - 4 = 0, -5*k + k - 3*v + 8 = 0. Let m(o) = -177*o + 9 + 189*o + 4*o**2 - 5*o**k. Give m(12).
9
Let d be 9 + (-50)/(-9 - 1). Let x(u) = -13*u + 28*u - d*u - 9. What is x(8)?
-1
Let d be (-21024)/(-128) + (-1)/4. Let v = d + -169. Let r(z) = z**3 + 6*z**2 + z - 1. Determine r(v).
19
Let j(h) be the second derivative of 0 - 52*h + 0*h**2 + 1/12*h**4 + h**3. Determine j(-6).
0
Let r(n) = n**2 - 1. Let q be (2 + 2)/(-4) + 3. Let j(y) = y**3 + 5 - 24*y + 22*y + 2*y**q - 4. Let t be j(-3). Calculate r(t).
3
Let w be 2/3 + 1/3. Let b(z) be the second derivative of -z**5/2 + z**4/12 - z**2/2 - 18*z - 51. What is b(w)?
-10
Let w(f) = 